
Let d(m) = -m**2 - m - 411. Calculate d(24).
-1011
Let g(u) = -5*u**3 + 193*u - 385. Determine g(2).
-39
Let i(n) = -563*n - 188018. Determine i(-334).
24
Let h(w) = -47*w**3 - 2*w**2 + 18*w + 37. Calculate h(-2).
369
Let w(h) = -h**3 + 63*h**2 + 2586*h - 164185. What is w(62)?
-9
Let g(y) = 2*y**3 - 22*y**2 - 127*y + 984. Give g(13).
9
Let g(b) = 16*b**2 + 42*b + 6. Give g(-4).
94
Let p(a) = 2*a**2 + 317*a - 29164. Calculate p(-223).
-397
Let r(g) = -4108*g + 53430. What is r(13)?
26
Let v(i) = -9704*i + 40445. Give v(4).
1629
Let f(q) = 4566*q - 18568. Determine f(4).
-304
Let n(q) = 1587*q + 5904. Determine n(-3).
1143
Let s(y) = -y**3 + 15*y**2 - 6*y - 53. What is s(-5)?
477
Let r(g) = 5010*g + 45083. Give r(-9).
-7
Let x(n) = -557367*n + 3901579. Give x(7).
10
Let q(u) = 985*u + 10000. Give q(-10).
150
Let s(o) = o**2 - 31*o - 1109. Calculate s(37).
-887
Let d(b) = 7062*b + 988697. Calculate d(-140).
17
Let a(k) = k**2 + 642*k - 10870. Determine a(16).
-342
Let s(f) = 2*f**3 - 116*f**2 - 4590*f + 60. Calculate s(-27).
60
Let d(j) = -10*j**2 - 2222*j - 81047. What is d(-46)?
5
Let r(y) = 119*y**2 - 12735*y + 213. Determine r(107).
-1
Let g(r) = 2*r**3 - 9*r**2 - 81*r + 385. Determine g(4).
45
Let p(d) = -d**3 + 19*d**2 + 962*d - 8395. Give p(8).
5
Let i(c) = -42*c + 10453. Give i(246).
121
Let b(y) = 1674*y - 46626. Determine b(30).
3594
Let n(d) = -2*d**2 + 3659*d - 47167. What is n(13)?
62
Let q(m) = 3080*m - 406563. What is q(132)?
-3
Let u(g) = -6838*g + 287194. Determine u(42).
-2
Let l(v) = 214*v**3 - 645*v**2 - 407*v + 1249. What is l(3)?
1
Let n(p) = -3*p**3 - 1084*p**2 - 4641*p + 242. Determine n(-357).
242
Let l(g) = -3*g**3 + 1480*g**2 + 995*g - 3458. Give l(494).
0
Let s(m) = 5*m**3 - 45*m**2 - 186*m + 1673. What is s(9)?
-1
Let v(w) = 7547*w - 37761. Give v(5).
-26
Let n(z) = 25*z**2 + 246*z - 1397. Give n(4).
-13
Let z(l) = -56*l**2 - 1027*l - 332. Determine z(-18).
10
Let i(a) = -16*a**2 - 1992*a + 3796. What is i(-126)?
772
Let n(d) = -262*d**2 + 278*d + 87. Give n(2).
-405
Let q(x) = -7*x**3 + 3*x**2 + 4*x - 109. Give q(-4).
371
Let q(f) = 2*f**3 + 85*f**2 + 317*f + 90. Calculate q(-4).
54
Let r(w) = -1045*w - 339896. Give r(-325).
-271
Let r(b) = 2*b**3 - 13*b**2 + 2917*b - 20519. What is r(7)?
-51
Let x(i) = i**2 - 1273*i - 15414. What is x(-12)?
6
Let j(k) = 175*k**3 - 258*k**2 - 242*k + 17. What is j(-1)?
-174
Let r(s) = 1127936*s - 7895538. Give r(7).
14
Let y(m) = -m**2 - 450*m - 43953. Determine y(-306).
111
Let z(y) = -1126*y - 49508. Determine z(-44).
36
Let v(t) = 305*t**2 + 5372*t + 11953. Calculate v(-15).
-2
Let j(x) = 3339*x + 59156. What is j(-18)?
-946
Let i(y) = 131*y + 4972. What is i(-44)?
-792
Let n(c) = 3*c**3 - 10*c**2 - 374*c + 3404. Determine n(10).
1664
Let b(u) = 8551*u - 1513521. Calculate b(177).
6
Let r(j) = -555*j + 259146. What is r(467)?
-39
Let k(n) = -64*n + 5225. What is k(82)?
-23
Let o(d) = 793*d + 27686. Determine o(-35).
-69
Let g(j) = j**2 + 1102*j - 88256. Give g(75).
19
Let d(q) = 7*q**2 + 1045*q + 26899. Calculate d(-33).
37
Let y(h) = 50287*h - 251384. Give y(5).
51
Let c(l) = -3*l**2 - 157*l + 1761. Determine c(9).
105
Let c(q) = 2353*q + 18806. Give c(-8).
-18
Let l(t) = -3*t**2 + 17*t + 6826. Calculate l(57).
-1952
Let m(o) = o**3 - 54*o**2 + 233*o - 7192. What is m(52)?
-484
Let u(h) = h**3 - 30*h**2 + 19348*h - 153376. Give u(8).
0
Let h(s) = -6465*s - 6458. Calculate h(-1).
7
Let f(o) = 3798*o + 30350. Calculate f(-8).
-34
Let y(r) = -r**3 + 10*r**2 + 21663*r - 173432. What is y(8)?
0
Let r(g) = -22*g**2 - 198*g - 26. Determine r(-5).
414
Let z(f) = -f**3 - 178*f**2 - 2986*f + 657. Determine z(-19).
-8
Let a(q) = q**3 + 43*q**2 + 361*q + 123. Calculate a(-32).
-165
Let l(p) = -2*p**3 - 2*p**2 + 6*p - 2. Determine l(7).
-744
Let n(l) = -14*l**2 - 474*l - 2369. Determine n(-5).
-349
Let f(p) = 385*p - 16212. Calculate f(40).
-812
Let f(z) = -2*z**3 - 443*z**2 + 255*z - 58. Determine f(-222).
-7384
Let w(c) = -c**3 - 67*c**2 - 24*c - 1725. Determine w(-67).
-117
Let h(l) = 12770*l - 89318. Give h(7).
72
Let q(h) = -100*h**2 - 40185*h + 5937. Calculate q(-402).
-93
Let t(q) = -2*q**2 + 31*q + 1097. Determine t(-19).
-214
Let p(j) = -8*j**3 - 231*j**2 - 1154*j - 11. Determine p(-5).
984
Let c(g) = g**3 - 233*g**2 + 730*g + 731. Give c(4).
-13
Let o(y) = 208*y**2 - 1059*y + 1281. Determine o(3).
-24
Let t(y) = -14*y**2 - 12666*y + 262711. Determine t(-925).
11
Let g(f) = -1500*f + 30003. Give g(20).
3
Let a(n) = -230799*n + 12232307. What is a(53)?
-40
Let k(h) = -107*h + 3289. Give k(30).
79
Let o(r) = -4309*r + 232684. Calculate o(54).
-2
Let n(t) = -t**3 + 422*t**2 + 2993*t + 4261. What is n(429)?
-29
Let f(o) = -8*o**2 - 241*o - 48. What is f(-25)?
977
Let i(h) = -2*h**2 - 2684*h + 145079. Calculate i(52).
103
Let g(m) = m**2 + 25*m - 1705. Calculate g(-74).
1921
Let f(p) = -p**3 - 4*p**2 + 1043*p - 4165. Give f(4).
-121
Let a(m) = -5*m**2 - 6112*m - 656525. What is a(-119)?
-2
Let h(w) = -351*w + 51166. Calculate h(146).
-80
Let j(m) = -m**3 + 170*m**2 - 11*m + 2518. Determine j(170).
648
Let o(k) = -23*k**2 + 68*k + 114. What is o(13)?
-2889
Let t(p) = -p**2 + 462*p - 9353. Calculate t(21).
-92
Let a(v) = -2235021*v + 17880135. What is a(8)?
-33
Let z(x) = -x**3 + 69*x**2 - 564*x + 169. What is z(9)?
-47
Let b(g) = -2982*g**3 - 2370692*g**2 - 1590*g + 4. Determine b(-795).
4
Let z(f) = -f**2 + 43*f + 7371. What is z(110)?
1
Let y(z) = -999*z**3 - 8*z**2 + 164*z + 167. Give y(-1).
994
Let p(q) = q**3 + 3*q**2 + q - 66. Give p(0).
-66
Let j(c) = -1306*c - 147580. What is j(-113)?
-2
Let l(u) = 26*u**3 - 1429*u**2 - 116*u + 3344. Determine l(55).
-11
Let x(v) = -8*v**2 + 403*v + 7872. Give x(66).
-378
Let w(h) = -429*h + 208101. Calculate w(485).
36
Let p(t) = t**2 + 8968*t + 241405. Give p(-27).
-2
Let u(f) = 5*f**2 + 60*f - 398. Determine u(10).
702
Let r(s) = 276*s**2 + 2732*s - 296. Calculate r(-10).
-16
Let d(t) = t**3 - 26*t**2 + 10403*t - 61690. What is d(6)?
8
Let d(k) = 1816*k - 21607. Calculate d(12).
185
Let i(l) = 8*l**3 - 46*l**2 + 58*l - 364. Calculate i(6).
56
Let h(b) = 2156*b + 40944. Determine h(-19).
-20
Let i(v) = -v**3 + 85*v**2 + 546*v + 182. Give i(91).
182
Let s(q) = 4423*q + 981900. Determine s(-222).
-6
Let v(j) = 901*j - 692870. What is v(769)?
-1
Let k(a) = -130355*a + 260704. Calculate k(2).
-6
Let v(p) = 378772*p + 1893852. Give v(-5).
-8
Let k(a) = a**3 - 211*a**2 + 1566*a - 28176. Determine k(204).
-24
Let r(c) = -c**2 + 982*c + 11935. Determine r(-12).
7
Let n(i) = i**3 + 23*i**2 + 220*i - 323. What is n(-12)?
-1379
Let w(o) = -4*o**3 + 6*o**2 + 1482*o - 2968. Calculate w(2).
-12
Let k(c) = -10*c**3 - 83*c**2 - 27*c - 20. What is k(-8)?
4
Let n(d) = -d**3 - 79*d**2 + 630*d + 2426. What is n(-86)?
18
Let c(i) = 7*i**2 + 95*i + 294. Calculate c(-9).
6
Let s(o) = 2*o**3 - 228*o**2 + 8*o + 373. Determine s(114).
1285
Let y(c) = -c**3 + 4*c**2 + 107*c - 81. Give y(14).
-543
Let h(u) = 14*u**2 - 10213*u - 119306. Give h(741).
-5
Let u(n) = -7*n**2 - 4662*n - 20. What is u(0)?
-20
Let q(o) = o**2 - 156*o + 5034. What is q(46)?
-26
Let g(l) = -8*l**2 - 271*l + 1787. Give g(-41).
-550
Let c(k) = -7*k**2 + 277*k + 172. Determine c(42).
-542
Let a(r) = 471*r - 5623. Give a(13).
500
Let d(h) = 1607*h + 78867. Determine d(-49).
124
Let p(t) = t**3 + 148*t**2 + 347*t + 8040. What is p(-146)?
10
Let b(t) = t**2 - 4666*t - 633322. Give b(-132).
14
Let v(w) = 2*w**3 - 234*w**2 + 710*w - 55412. Give v(116).
36
Let r(l) = 2*l**2 + 338*l - 42530. Determine r(-253).
-26
Let l(d) = d**2 + 339*d + 9390. What is l(-29)?
400
Let c(j) = 1573*j + 57735. Calculate c(-37).
-466
Let t(x) = 15*x - 351. Determine t(-9).
-486
Let l(a) = 2*a**3 + 1205*a**2 + 5384*a + 1059. Calculate l(-598).
-137
Let m(w) = -w**3 - 133*w**2 + 15036*w + 110. Calculate m(73).
-36
Let n(h) = 4*h**3 - 722*h**2 - 360*h - 560. Give n(181).
-198
Let o(f) = -21*f**3 - 65*f**2 - 280*f - 57. Give o(-5).
2343
Let p(l) = -208*l + 4083. What is p(22)?
-493
Let o(b) = -b**3 + 52*b**2 - 677*b + 3653. Give o(36).
17
Let a(q) = -218*q**2 - 15032*q - 102. Give a(-69).
-792
Let q(i) = -i**3 - 41*i**2 - 297*i - 14237. Calculate q(-42).
1
Let d(w) = -w**2 - 3089*w - 127948. Give d(-42).
26
Let x(o) = 14*o**3 